{"id":30,"date":"2025-10-09T09:45:33","date_gmt":"2025-10-09T09:45:33","guid":{"rendered":"https:\/\/citedelamusiquebretonne.bzh\/?page_id=30"},"modified":"2025-10-20T12:23:14","modified_gmt":"2025-10-20T12:23:14","slug":"les-donateurs","status":"publish","type":"page","link":"https:\/\/citedelamusiquebretonne.bzh\/index.php\/les-donateurs\/","title":{"rendered":"Les donateurs"},"content":{"rendered":"\t\t<div data-elementor-type=\"wp-page\" data-elementor-id=\"30\" class=\"elementor elementor-30\">\n\t\t\t\t<div class=\"elementor-element elementor-element-6a7bc4d e-flex e-con-boxed e-con e-parent\" data-id=\"6a7bc4d\" data-element_type=\"container\" data-e-type=\"container\">\n\t\t\t\t\t<div class=\"e-con-inner\">\n\t\t\t\t<div class=\"elementor-element elementor-element-6bed29d elementor-widget elementor-widget-text-editor\" data-id=\"6bed29d\" data-element_type=\"widget\" data-e-type=\"widget\" data-widget_type=\"text-editor.default\">\n\t\t\t\t\t\t\t\t\t<p>Gr\u00e2ce \u00e0 la mairie de B\u00e9gard qui met dors et d\u00e9j\u00e0 un local de stockage et de travail \u00e0 disposition de la Cit\u00e9 de la musique bretonne, l&rsquo;association est en mesure d&rsquo;accueillir des dons pour alimenter son fonds. Parall\u00e8lement, un groupe s&rsquo;attache \u00e0 travailler \u00e0 la r\u00e9daction du projet scientifique ainsi qu&rsquo;\u00e0 concevoir tous les protocoles d&rsquo;inventaire conformes aux normes mus\u00e9ographiques.<\/p><p>Nous publions ici, au fur et \u00e0 mesure, une galerie des personnes qui se lancent avec nous dans l&rsquo;aventure<\/p>\t\t\t\t\t\t\t\t<\/div>\n\t\t\t\t\t<\/div>\n\t\t\t\t<\/div>\n\t\t<div class=\"elementor-element elementor-element-db21f7c e-grid e-con-boxed e-con e-parent\" data-id=\"db21f7c\" data-element_type=\"container\" data-e-type=\"container\">\n\t\t\t\t\t<div class=\"e-con-inner\">\n\t\t\t\t<div class=\"elementor-element elementor-element-3150d96 elementor-widget elementor-widget-image\" data-id=\"3150d96\" data-element_type=\"widget\" data-e-type=\"widget\" data-widget_type=\"image.default\">\n\t\t\t\t\t\t\t\t\t\t\t\t\t\t\t<img fetchpriority=\"high\" decoding=\"async\" width=\"440\" height=\"248\" src=\"https:\/\/citedelamusiquebretonne.bzh\/wp-content\/uploads\/2025\/10\/tri-yann-1024x576.jpg\" class=\"attachment-large size-large wp-image-76\" alt=\"\" srcset=\"https:\/\/citedelamusiquebretonne.bzh\/wp-content\/uploads\/2025\/10\/tri-yann-1024x576.jpg 1024w, https:\/\/citedelamusiquebretonne.bzh\/wp-content\/uploads\/2025\/10\/tri-yann-300x169.jpg 300w, https:\/\/citedelamusiquebretonne.bzh\/wp-content\/uploads\/2025\/10\/tri-yann-768x432.jpg 768w, https:\/\/citedelamusiquebretonne.bzh\/wp-content\/uploads\/2025\/10\/tri-yann.jpg 1189w\" sizes=\"(max-width: 440px) 100vw, 440px\" \/>\t\t\t\t\t\t\t\t\t\t\t\t\t\t\t<\/div>\n\t\t\t\t<div class=\"elementor-element elementor-element-60ac7f4 elementor-widget elementor-widget-text-editor\" data-id=\"60ac7f4\" data-element_type=\"widget\" data-e-type=\"widget\" data-widget_type=\"text-editor.default\">\n\t\t\t\t\t\t\t\t\t<p><strong>Tri Yann partenaire de l&rsquo;aventure<\/strong><\/p><p>Ce mois de juin 2025, l&rsquo;\u00e9quipe a rendu visite \u00e0 Tri Yann au studio Marzelle \u00e0 Savenay. Ils ont dors et d\u00e9j\u00e0 fourni de la documentation et nous continuons nos \u00e9changes afin de r\u00e9unir la mati\u00e8re qui permettra de mettre en valeur comme il se doit la formidable aventure du groupe Tri Yann, fer de lance de la musique bretonne pendant plus de 50 ans ! Merci \u00e0 eux.<\/p>\t\t\t\t\t\t\t\t<\/div>\n\t\t\t\t<div class=\"elementor-element elementor-element-0f842f1 elementor-widget elementor-widget-image\" data-id=\"0f842f1\" data-element_type=\"widget\" data-e-type=\"widget\" data-widget_type=\"image.default\">\n\t\t\t\t\t\t\t\t\t\t\t\t\t\t\t<img decoding=\"async\" width=\"440\" height=\"322\" src=\"https:\/\/citedelamusiquebretonne.bzh\/wp-content\/uploads\/2025\/10\/soazig-noblet.jpg\" class=\"attachment-large size-large wp-image-75\" alt=\"\" srcset=\"https:\/\/citedelamusiquebretonne.bzh\/wp-content\/uploads\/2025\/10\/soazig-noblet.jpg 788w, https:\/\/citedelamusiquebretonne.bzh\/wp-content\/uploads\/2025\/10\/soazig-noblet-300x219.jpg 300w, https:\/\/citedelamusiquebretonne.bzh\/wp-content\/uploads\/2025\/10\/soazig-noblet-768x561.jpg 768w\" sizes=\"(max-width: 440px) 100vw, 440px\" \/>\t\t\t\t\t\t\t\t\t\t\t\t\t\t\t<\/div>\n\t\t\t\t<div class=\"elementor-element elementor-element-3e129a2 elementor-widget elementor-widget-text-editor\" data-id=\"3e129a2\" data-element_type=\"widget\" data-e-type=\"widget\" data-widget_type=\"text-editor.default\">\n\t\t\t\t\t\t\t\t\t<p><strong>Soazig Noblet : don d&rsquo;une femme engag\u00e9e<\/strong><\/p><p>Harpiste, chanteuse, fondatrice du premier bagad f\u00e9minin de Redon dans les ann\u00e9es 50, Soazig Noblet est une femme engag\u00e9e et militante. Soucieuse de transmettre et de faire partager \u00e0 tous et toutes, elle a contact\u00e9 l&rsquo;\u00e9quipe de la Cit\u00e9 pour y d\u00e9poser une partie de ses archives. Merci \u00e0 elle.<\/p>\t\t\t\t\t\t\t\t<\/div>\n\t\t\t\t<div class=\"elementor-element elementor-element-bc0504e elementor-widget elementor-widget-image\" data-id=\"bc0504e\" data-element_type=\"widget\" data-e-type=\"widget\" data-widget_type=\"image.default\">\n\t\t\t\t\t\t\t\t\t\t\t\t\t\t\t<img decoding=\"async\" width=\"440\" height=\"293\" src=\"https:\/\/citedelamusiquebretonne.bzh\/wp-content\/uploads\/2025\/10\/yves_robic-1024x683.jpg\" class=\"attachment-large size-large wp-image-38\" alt=\"\" srcset=\"https:\/\/citedelamusiquebretonne.bzh\/wp-content\/uploads\/2025\/10\/yves_robic-1024x683.jpg 1024w, https:\/\/citedelamusiquebretonne.bzh\/wp-content\/uploads\/2025\/10\/yves_robic-300x200.jpg 300w, https:\/\/citedelamusiquebretonne.bzh\/wp-content\/uploads\/2025\/10\/yves_robic-768x512.jpg 768w, https:\/\/citedelamusiquebretonne.bzh\/wp-content\/uploads\/2025\/10\/yves_robic-150x100.jpg 150w, https:\/\/citedelamusiquebretonne.bzh\/wp-content\/uploads\/2025\/10\/yves_robic-420x280.jpg 420w, https:\/\/citedelamusiquebretonne.bzh\/wp-content\/uploads\/2025\/10\/yves_robic.jpg 1063w\" sizes=\"(max-width: 440px) 100vw, 440px\" \/>\t\t\t\t\t\t\t\t\t\t\t\t\t\t\t<\/div>\n\t\t\t\t<div class=\"elementor-element elementor-element-f7a28d3 elementor-widget elementor-widget-text-editor\" data-id=\"f7a28d3\" data-element_type=\"widget\" data-e-type=\"widget\" data-widget_type=\"text-editor.default\">\n\t\t\t\t\t\t\t\t\t<p><strong>Yves Robic : 100 accord\u00e9ons !<\/strong><\/p><p>La Cit\u00e9 de la musique bretonne est tr\u00e8s heureuse d&rsquo;accueillir la collection d&rsquo;accord\u00e9ons d&rsquo;Yves Robic dans son fonds permanent. Yves Robic a collect\u00e9 pendant 30 ans une centaine d&rsquo;accord\u00e9ons Dedenis ainsi qu&rsquo;une importante documentation sur cette entreprise qui a largement \u00e9quip\u00e9 les musiciens des campagnes de France et de Bretagne notamment par la vente par correspondance pendant tout le d\u00e9but du XX\u00e8me si\u00e8cle. Merci \u00e0 lui et sa famille pour le don de l&rsquo;ensemble de cette collection.<\/p><p>\u00a0<\/p>\t\t\t\t\t\t\t\t<\/div>\n\t\t\t\t<div class=\"elementor-element elementor-element-91b607d elementor-widget elementor-widget-image\" data-id=\"91b607d\" data-element_type=\"widget\" data-e-type=\"widget\" data-widget_type=\"image.default\">\n\t\t\t\t\t\t\t\t\t\t\t\t\t\t\t<img loading=\"lazy\" decoding=\"async\" width=\"440\" height=\"293\" src=\"https:\/\/citedelamusiquebretonne.bzh\/wp-content\/uploads\/2025\/10\/Berechel2.jpg\" class=\"attachment-large size-large wp-image-73\" alt=\"\" srcset=\"https:\/\/citedelamusiquebretonne.bzh\/wp-content\/uploads\/2025\/10\/Berechel2.jpg 886w, https:\/\/citedelamusiquebretonne.bzh\/wp-content\/uploads\/2025\/10\/Berechel2-300x200.jpg 300w, https:\/\/citedelamusiquebretonne.bzh\/wp-content\/uploads\/2025\/10\/Berechel2-768x512.jpg 768w, https:\/\/citedelamusiquebretonne.bzh\/wp-content\/uploads\/2025\/10\/Berechel2-150x100.jpg 150w, https:\/\/citedelamusiquebretonne.bzh\/wp-content\/uploads\/2025\/10\/Berechel2-420x280.jpg 420w\" sizes=\"(max-width: 440px) 100vw, 440px\" \/>\t\t\t\t\t\t\t\t\t\t\t\t\t\t\t<\/div>\n\t\t\t\t<div class=\"elementor-element elementor-element-19d216e elementor-widget elementor-widget-text-editor\" data-id=\"19d216e\" data-element_type=\"widget\" data-e-type=\"widget\" data-widget_type=\"text-editor.default\">\n\t\t\t\t\t\t\t\t\t<p><strong>Fonds Christian B\u00e9r\u00e9chel<\/strong><\/p><p>Suite \u00e0 son d\u00e9c\u00e8s en 2024, les enfants de Christian B\u00e9r\u00e9chel ont accept\u00e9 de l\u00e9guer \u00e0 la Cit\u00e9 un fonds repr\u00e9sentatif de l\u2019\u0153uvre de leur p\u00e8re, facteur de bombardes et de biniou \u00e0 Ploeuc-sur-Li\u00e9 (22). Ce fonds est constitu\u00e9 d&rsquo;instruments, d&rsquo;\u00e9bauches, d&rsquo;outils, de documentation. Merci \u00e0 eux.<\/p>\t\t\t\t\t\t\t\t<\/div>\n\t\t\t\t<div class=\"elementor-element elementor-element-e03f43c elementor-widget elementor-widget-image\" data-id=\"e03f43c\" data-element_type=\"widget\" data-e-type=\"widget\" data-widget_type=\"image.default\">\n\t\t\t\t\t\t\t\t\t\t\t\t\t\t\t<img loading=\"lazy\" decoding=\"async\" width=\"440\" height=\"293\" src=\"https:\/\/citedelamusiquebretonne.bzh\/wp-content\/uploads\/2025\/10\/Jean-Baron-1.jpg\" class=\"attachment-large size-large wp-image-290\" alt=\"\" srcset=\"https:\/\/citedelamusiquebretonne.bzh\/wp-content\/uploads\/2025\/10\/Jean-Baron-1.jpg 886w, https:\/\/citedelamusiquebretonne.bzh\/wp-content\/uploads\/2025\/10\/Jean-Baron-1-300x199.jpg 300w, https:\/\/citedelamusiquebretonne.bzh\/wp-content\/uploads\/2025\/10\/Jean-Baron-1-768x511.jpg 768w, https:\/\/citedelamusiquebretonne.bzh\/wp-content\/uploads\/2025\/10\/Jean-Baron-1-150x100.jpg 150w, https:\/\/citedelamusiquebretonne.bzh\/wp-content\/uploads\/2025\/10\/Jean-Baron-1-420x280.jpg 420w\" sizes=\"(max-width: 440px) 100vw, 440px\" \/>\t\t\t\t\t\t\t\t\t\t\t\t\t\t\t<\/div>\n\t\t\t\t<div class=\"elementor-element elementor-element-a410b25 elementor-widget elementor-widget-text-editor\" data-id=\"a410b25\" data-element_type=\"widget\" data-e-type=\"widget\" data-widget_type=\"text-editor.default\">\n\t\t\t\t\t\t\t\t\t<p><strong>Fonds Jean Baron<\/strong><\/p><p>Jean Baron, truculent sonneur s&rsquo;il en est, nous a transmis un fonds d&rsquo;affiches retra\u00e7ant ses nombreux groupes, festo\u00f9-noz et concerts \u00e0 travers la Bretagne et le monde. Merci \u00e0 lui pour ce t\u00e9moignage qui vient illustrer ses m\u00e9moires d\u00e9j\u00e0 couch\u00e9es sur le papier dans 3 ouvrages.<\/p>\t\t\t\t\t\t\t\t<\/div>\n\t\t\t\t\t<\/div>\n\t\t\t\t<\/div>\n\t\t\t\t<\/div>\n\t\t","protected":false},"excerpt":{"rendered":"<p>Gr\u00e2ce \u00e0 la mairie de B\u00e9gard qui met dors et d\u00e9j\u00e0 un local de stockage et de travail \u00e0 disposition de la Cit\u00e9 de la musique bretonne, l&rsquo;association est en&hellip;<\/p>\n","protected":false},"author":1,"featured_media":95,"parent":0,"menu_order":0,"comment_status":"closed","ping_status":"closed","template":"","meta":{"footnotes":""},"class_list":["post-30","page","type-page","status-publish","has-post-thumbnail","hentry"],"_links":{"self":[{"href":"https:\/\/citedelamusiquebretonne.bzh\/index.php\/wp-json\/wp\/v2\/pages\/30","targetHints":{"allow":["GET"]}}],"collection":[{"href":"https:\/\/citedelamusiquebretonne.bzh\/index.php\/wp-json\/wp\/v2\/pages"}],"about":[{"href":"https:\/\/citedelamusiquebretonne.bzh\/index.php\/wp-json\/wp\/v2\/types\/page"}],"author":[{"embeddable":true,"href":"https:\/\/citedelamusiquebretonne.bzh\/index.php\/wp-json\/wp\/v2\/users\/1"}],"replies":[{"embeddable":true,"href":"https:\/\/citedelamusiquebretonne.bzh\/index.php\/wp-json\/wp\/v2\/comments?post=30"}],"version-history":[{"count":16,"href":"https:\/\/citedelamusiquebretonne.bzh\/index.php\/wp-json\/wp\/v2\/pages\/30\/revisions"}],"predecessor-version":[{"id":293,"href":"https:\/\/citedelamusiquebretonne.bzh\/index.php\/wp-json\/wp\/v2\/pages\/30\/revisions\/293"}],"wp:featuredmedia":[{"embeddable":true,"href":"https:\/\/citedelamusiquebretonne.bzh\/index.php\/wp-json\/wp\/v2\/media\/95"}],"wp:attachment":[{"href":"https:\/\/citedelamusiquebretonne.bzh\/index.php\/wp-json\/wp\/v2\/media?parent=30"}],"curies":[{"name":"wp","href":"https:\/\/api.w.org\/{rel}","templated":true}]}}