{"id":34,"date":"2025-10-09T09:46:14","date_gmt":"2025-10-09T09:46:14","guid":{"rendered":"https:\/\/citedelamusiquebretonne.bzh\/?page_id=34"},"modified":"2025-10-09T15:47:03","modified_gmt":"2025-10-09T15:47:03","slug":"labbaye-de-begard","status":"publish","type":"page","link":"https:\/\/citedelamusiquebretonne.bzh\/index.php\/labbaye-de-begard\/","title":{"rendered":"l&rsquo;Abbaye de B\u00e9gard"},"content":{"rendered":"\n<p>L&rsquo;abbaye Notre-Dame de B\u00e9gard, dans l&rsquo;actuelle commune de B\u00e9gard (C\u00f4tes-d&rsquo;Armor) est la premi\u00e8re fondation cistercienne en Bretagne, \u00e9tablie le 10 septembre ou le 10 novembre 1130 par quatre moines de l&rsquo;abbaye de l&rsquo;Aum\u00f4ne pr\u00e8s de Chartres en un lieu appel\u00e9 Pluscoat ou Purcoat ou Pura Silva, et renomm\u00e9 B\u00e9gar car ce lieu avait \u00e9t\u00e9 ant\u00e9rieurement habit\u00e9 par un ermite portant ce nom.<\/p>\n\n\n\n<p><strong>La fondation<\/strong><\/p>\n\n\n\n<p>Les quatre moines fondateurs nomm\u00e9s Jean, futur premier abb\u00e9, Guillaume, Abraham et Jacques s&rsquo;adressent en premier lieu \u00e0 Geoffroi Botherel II, comte de Lamballe, qui les accueille avec des honneurs avant de les \u00e9conduire et de les envoyer \u00e0 son p\u00e8re le comte \u00c9tienne \u00e0 Guingamp. C&rsquo;est ce dernier qui leur accorde sur ses terres un terrain pour s&rsquo;\u00e9tablir. Raoul \u00e9v\u00eaque de Tr\u00e9guier engage ses ouailles \u00e0 aider l&rsquo;implantation des religieux. Conan III de Bretagne sous l&rsquo;influence de sa m\u00e8re Ermengarde d&rsquo;Anjou, favorise \u00e9galement l&rsquo;\u00e9tablissement de l&rsquo;abbaye.<\/p>\n\n\n\n<p><strong>Moyen \u00c2ge<\/strong><\/p>\n\n\n\n<p>Au Xlle si\u00e8cle, B\u00e9gard, fille de l&rsquo;Aum\u00f4ne, et petite-fille ou \u00ab fillette \u00bb de C\u00eeteaux est surnomm\u00e9e \u00able petit C\u00eeteaux de l&rsquo;Armorique\u00bb et est \u00e0 l&rsquo;origine de la fondation de plusieurs abbayes en Bretagne : Le Relecq (1132), Boquen et Saint-Aubin-des-Bois (1137), Lanvaux (1138) et Coatmalouen (en 1142). Le comte \u00c9tienne Ier de Penthi\u00e8vre (\u2020 vers 1137), son \u00e9pouse Havoise, son fils Alain le Noir (\u2020 1146) et son petit-fils Conan IV de Bretagne (\u2020 1171) obtiennent le droit de s\u00e9pulture du fait de leurs bienfaits consid\u00e9rables en faveur de l&rsquo;abbaye.<\/p>\n\n\n\n<p><strong>\u00c9poque moderne<\/strong><\/p>\n\n\n\n<p>\u00ab Les moines de B\u00e9gard dominaient plus du tiers des paroisses du Tr\u00e9gor surtout dans le secteur de P\u00e9dernec (&#8230;). De 1660 \u00e0 1774, pour mesurer le grain que leur doivent les paysans [la d\u00eeme], ils utilisent des r\u00e9cipients agrandis de 10 %. Quand s&rsquo;annonce l&rsquo;enqu\u00eate qui r\u00e9v\u00e9lera la fraude, ils d\u00e9cident d&rsquo;en faire d&rsquo;autres le plus secr\u00e8tement possible et de leur donner l&rsquo;aspect du vieux \u00bb.<\/p>\n\n\n\n<p>Devenu un prieur\u00e9, les b\u00e9n\u00e9fices de Saint-Rion du prieur\u00e9 de B\u00e9gard, au doyenn\u00e9 de Lanvollon \u00e9taient pour le prieur de l&rsquo;Abbaye Saint-Magloire de L\u00e9hon, puis en 1789 pour l&rsquo;\u00e9v\u00eaque.<\/p>\n\n\n\n<p><strong>La R\u00e9volution<\/strong><\/p>\n\n\n\n<p>Le 30 septembre 1790 les \u00ab municipaux \u00bb de Gu\u00e9n\u00e9zan saisissent officiellement l&rsquo;abbaye. L&rsquo;inventaire est effectu\u00e9 entre le 8 novembre et le 31 d\u00e9cembre suivant. Les b\u00e2timents jardins et vergers, bois et la m\u00e9tairie sont vendus le 3 novembre 1791 \u00e0 un n\u00e9gociant parisien \u00c9tienne-Marie Le Bouteux du Mousseau pour la somme de 165 300 livres.<\/p>\n\n\n\n<p>Sept des huit moines qui se trouvaient encore \u00e0 l&rsquo;abbaye en 1790 profit\u00e8rent de la R\u00e9volution pour abandonner la vie religieuse ; le prieur se d\u00e9clara ath\u00e9e et il \u00e9pousa une ci-devant religieuse.<\/p>\n\n\n\n<p><strong>Le XlXe si\u00e8cle<\/strong><\/p>\n\n\n\n<p>L&rsquo;\u00e9glise abbatiale fut d\u00e9truite par un incendie vers 1900.<\/p>\n\n\n\n<p><strong>Le XXe si\u00e8cle<\/strong><\/p>\n\n\n\n<p>Depuis 1927, des religieuses occupent \u00e0 nouveau les lieux, mais il ne reste pratiquement plus de vestiges de l&rsquo;ancienne abbaye.<\/p>\n\n\n\n<p><strong>B\u00e2timents conventuels<\/strong><\/p>\n\n\n\n<p>Le logis abbatial de 1748, restaur\u00e9 en 1943 apr\u00e8s un incendie avait \u00e9t\u00e9 transform\u00e9 en h\u00f4pital par la congr\u00e9gation du Bon-Sauveur de Caen en 1857.<\/p>\n\n\n\n<p><em>Source Wikipedia<\/em><\/p>\n","protected":false},"excerpt":{"rendered":"<p>L&rsquo;abbaye Notre-Dame de B\u00e9gard, dans l&rsquo;actuelle commune de B\u00e9gard (C\u00f4tes-d&rsquo;Armor) est la premi\u00e8re fondation cistercienne en Bretagne, \u00e9tablie le 10 septembre ou le 10 novembre 1130 par quatre moines de&hellip;<\/p>\n","protected":false},"author":1,"featured_media":37,"parent":0,"menu_order":0,"comment_status":"closed","ping_status":"closed","template":"","meta":{"footnotes":""},"class_list":["post-34","page","type-page","status-publish","has-post-thumbnail","hentry"],"_links":{"self":[{"href":"https:\/\/citedelamusiquebretonne.bzh\/index.php\/wp-json\/wp\/v2\/pages\/34","targetHints":{"allow":["GET"]}}],"collection":[{"href":"https:\/\/citedelamusiquebretonne.bzh\/index.php\/wp-json\/wp\/v2\/pages"}],"about":[{"href":"https:\/\/citedelamusiquebretonne.bzh\/index.php\/wp-json\/wp\/v2\/types\/page"}],"author":[{"embeddable":true,"href":"https:\/\/citedelamusiquebretonne.bzh\/index.php\/wp-json\/wp\/v2\/users\/1"}],"replies":[{"embeddable":true,"href":"https:\/\/citedelamusiquebretonne.bzh\/index.php\/wp-json\/wp\/v2\/comments?post=34"}],"version-history":[{"count":2,"href":"https:\/\/citedelamusiquebretonne.bzh\/index.php\/wp-json\/wp\/v2\/pages\/34\/revisions"}],"predecessor-version":[{"id":192,"href":"https:\/\/citedelamusiquebretonne.bzh\/index.php\/wp-json\/wp\/v2\/pages\/34\/revisions\/192"}],"wp:featuredmedia":[{"embeddable":true,"href":"https:\/\/citedelamusiquebretonne.bzh\/index.php\/wp-json\/wp\/v2\/media\/37"}],"wp:attachment":[{"href":"https:\/\/citedelamusiquebretonne.bzh\/index.php\/wp-json\/wp\/v2\/media?parent=34"}],"curies":[{"name":"wp","href":"https:\/\/api.w.org\/{rel}","templated":true}]}}